(base 9) in base 11?
2
Convert 4 (base 11) to base 13.
4
What is 101000 (base 2) in base 9?
44
What is -36 (base 10) in base 6?
-100
Convert 1101 (base 2) to base 8.
15
-1100110 (base 2) to base 16
-66
What is -402 (base 8) in base 4?
-10002
What is -126 (base 7) in base 8?
-105
What is 15 (base 14) in base 7?
25
Convert -72 (base 15) to base 11.
-98
Convert -4 (base 15) to base 6.
-4
-6 (base 12) to base 16
-6
Convert -4 (base 7) to base 4.
-10
Convert -25 (base 9) to base 16.
-17
3 (base 14) to base 16
3
6 (base 16) to base 11
6
-31 (base 4) to base 10
-13
What is -11120 (base 3) in base 6?
-323
1 (base 11) to base 4
1
2 (base 9) to base 12
2
What is 1 (base 7) in base 5?
1
Convert -40 (base 7) to base 14.
-20
Convert -52 (base 11) to base 4.
-321
Convert -101 (base 3) to base 11.
-a
Convert -54 (base 13) to base 7.
-126
16 (base 10) to base 4
100
Convert -112 (base 11) to base 7.
-251
Convert -6 (base 8) to base 12.
-6
What is 45 (base 15) in base 14?
49
0 (base 14) to base 16
0
-101001 (base 2) to base 7
-56
Convert 20 (base 14) to base 5.
103
Convert -22 (base 8) to base 2.
-10010
-100 (base 4) to base 16
-10
What is 176 (base 8) in base 4?
1332
-76 (base 10) to base 11
-6a
Convert -11 (base 7) to base 5.
-13
What is 19 (base 11) in base 2?
10100
Convert -4 (base 5) to base 3.
-11
303 (base 4) to base 12
43
225 (base 7) to base 5
432
Convert 0 (base 8) to base 6.
0
Convert 10 (base 4) to base 16.
4
1 (base 9) to base 12
1
What is -1f (base 16) in base 8?
-37
What is 2 (base 14) in base 12?
2
-22 (base 3) to base 4
-20
Convert 40 (base 15) to base 11.
55
40 (base 12) to base 11
44
2 (base 7) to base 10
2
What is -112 (base 8) in base 2?
-1001010
-5 (base 9) to base 13
-5
-1 (base 4) to base 2
-1
What is 55 (base 10) in base 9?
61
What is 2220 (base 4) in base 16?
a8
What is 3 (base 4) in base 5?
3
-12 (base 3) to base 15
-5
What is -1221 (base 3) in base 13?
-40
What is -20001 (base 3) in base 14?
-b9
30 (base 11) to base 4
201
Convert 3 (base 5) to base 15.
3
110 (base 2) to base 10
6
Convert 345 (base 7) to base 9.
220
Convert -116 (base 13) to base 11.
-161
-b1 (base 14) to base 6
-415
What is 14 (base 6) in base 5?
20
Convert -3 (base 13) to base 12.
-3
Convert 7 (base 14) to base 10.
7
Convert 2 (base 16) to base 9.
2
3031 (base 4) to base 5
1310
-2203 (base 5) to base 4
-10233
Convert -113 (base 6) to base 11.
-41
9 (base 11) to base 7
12
What is -15 (base 8) in base 16?
-d
4 (base 5) to base 13
4
1 (base 10) to base 16
1
-2 (base 6) to base 14
-2
Convert -54 (base 6) to base 15.
-24
What is 14 (base 9) in base 8?
15
117 (base 9) to base 11
89
6 (base 11) to base 7
6
0 (base 3) to base 5
0
13 (base 6) to base 8
11
-3 (base 10) to base 14
-3
2102 (base 3) to base 6
145
10202 (base 3) to base 9
122
-62 (base 8) to base 9
-55
27 (base 11) to base 7
41
What is 221 (base 3) in base 16?
19
What is 15 (base 13) in base 16?
12
What is -b (base 13) in base 6?
-15
Convert -36 (base 12) to base 9.
-46
107 (base 10) to base 2
1101011
2 (base 11) to base 5
2
What is -101 (base 2) in base 12?
-5
-1b5 (base 12) to base 10
-281
What is 162 (base 12) in base 2?
11011010
What is 1 (base 8) in base 7?
1
Convert 0 (base 15) to base 14.
0
Convert 12100 (base 3) to base 5.
1034
Convert -86 (base 16) to base 6.
-342
What is 12 (base 6) in base 8?
10
2 (base 10) to base 14
2
Convert 0 (base 12) to base 11.
0
Convert 6 (base 9) to base 7.
6
What is -5 (base 7) in base 8?
-5
-3023 (base 5) to base 16
-184
Convert 121 (base 3) to base 2.
10000
Convert 118 (base 10) to base 3.
11101
What is 6 (base 14) in base 13?
6
Convert 201 (base 8) to base 11.
108
Convert 1d (base 15) to base 16.
1c
What is -8 (base 15) in base 16?
-8
Convert -2 (base 10) to base 3.
-2
-100 (base 3) to base 8
-11
-4 (base 13) to base 9
-4
What is 27 (base 11) in base 4?
131
Convert 12 (base 9) to base 4.
23
What is -8 (base 16) in base 8?
-10
2 (base 11) to base 14
2
Convert 33 (base 8) to base 15.
1c
1111 (base 2) to base 10
15
-5 (base 6) to base 12
-5
What is 10001 (base 2) in base 3?
122
What is -42 (base 11) in base 14?
-34
10 (base 15) to base 7
21
Convert 13 (base 7) to base 3.
101
-2 (base 10) to base 12
-2
Convert 2 (base 12) to base 9.
2
Convert 94 (base 11) to base 6.
251
Convert -1 (base 6) to base 7.
-1
Convert 0 (base 10) to base 6.
0
What is -2 (base 13) in base 10?
-2
What is -5 (base 7) in base 9?
-5
Convert 2 (base 9) to base 11.
2
Convert a (base 14) to base 12.
a
Convert -176 (base 10) to base 12.
-128
What is 3 (base 7) in base 4?
3
-9 (base 16) to base 15
-9
Convert -49 (base 16) to base 5.
-243
Convert -3002 (base 4) to base 2.
-11000010
22 (base 5) to base 2
1100
-7 (base 15) to base 10
-7
-53 (base 11) to base 13
-46
Convert -3a (base 16) to base 10.
-58
What is -3 (base 14) in base 5?
-3
68 (base 10) to base 9
75
-5 (base 14) to base 4
-11
What is 9c (base 13) in base 6?
333
What is 3 (base 16) in base 5?
3
Convert 100021 (base 3) to base 10.
250
What is -323 (base 9) in base 16?
-108
What is 10 (base 8) in base 16?
8
What is 1 (base 4) in base 8?
1
20 (base 3) to base 5
11
Convert -1012 (base 3) to base 16.
-20
Convert 13 (base 6) to base 3.
100
-1 (base 13) to base 11
-1
-33 (base 8) to base 6
-43
1 (base 6) to base 12
1
Convert -13 (base 4) to base 7.
-10
What is -1 (base 6) in base 5?
-1
-333 (base 7) to base 14
-c3
-11 (base 3) to base 11
-4
-37 (base 14) to base 15
-34
-5b (base 14) to base 15
-56
-127 (base 10) to base 15
-87
c (base 13) to base 11
11
Convert 6 (base 7) to base 9.
6
What is -32 (base 4) in base 10?
-14
-2 (base 5) to base 13
-2
What is -11 (base 13) in base 7?
-20
Convert -10 (base 14) to base 7.
-20
-1021 (base 3) to base 7
-46
What is 46 (base 7) in base 12?
2a
33 (base 7) to base 14
1a
What is -259 (base 10) in base 16?
-103
What is -132 (base 12) in base 9?
-222
Convert -1033 (base 4) to base 6.
-211
-17 (base 8) to base 15
-10
What is -2 (base 6) in base 16?
-2
11 (base 2) to base 14
3
Convert 1 (base 15) to base 14.
1
Convert 1a7 (base 11) to base 12.
17a
Convert -13 (base 9) to base 5.
-22
Convert -31 (base 11) to base 13.
-28
What is -31 (base 8) in base 2?
-11001
Convert 5 (base 10) to base 7.
5
Convert 1 (base 6) to base 14.
1
37 (base 14) to base 15
34
What is -2 (base 11) in base 10?
-2
What is -1 (base 11) in base 6?
-1
What is -80 (base 10) in base 11?
-73
-13 (base 4) to base 9
-7
What is -3 (base 14) in base 11?
-3
Convert -5 (base 11) to base 6.
-5
Convert 241 (base 7) to base 16.
7f
Convert -1 (base 13) to base 16.
-1
Convert -6 (base 10) to base 3.
-20
38 (base 13) to base 6
115
Convert 3 (base 10) to base 9.
3
-4 (base 11) to base 10
-4
What is 320 (base 6) in base 9?
143
Convert 1512 (base 6) to base 8.
624
Convert -1001 (base 2) to base 15.
-9
-27 (base 10) to base 6
-43
Convert 79 (base 10) to base 2.
1001111
Convert -3 (base 14) to base 13.
-3
-24 (base 7) to base 12
-16
Convert -1110100 (base 2) to base 9.
-138
11 (base 4) to base 15
5
Convert 4 (base 15) to base 5.
4
What is -c (base 14) in base 5?
-22
Convert -20 (base 4) to base 10.
-8
-30 (base 7) to base 10
-21
What is -10 (base 13) in base 15?
-d
Convert -8 (base 11) to base 15.
-8
What is 3 (base 13) in base 7?
3
What is 100 (base 2) in base 5?
4
Convert -1 (base 14) to base 16.
-1
What is -22 (base 4) in base 2?
-1010
Convert 1 (base 12) to base 15.
1
What is 32 (base 12) in base 2?
100110
What is 21110 (base 3) in base 14?
105
Convert -1 (base 12) to base 14.
-1
What is 22 (base 12) in base 8?
32
-20 (base 4) to base 14
-8
What is 30 (base 4) in base 7?
15
What is -3 (base 15) in base 16?
-3
Convert -3 (base 16) to base 8.
-3
-6 (base 9) to base 15
-6
60 (base 13) to base 7
141
Convert 416 (base 7) to base 4.
3101
Convert -30 (base 13) to base 5.
-124
Convert -1 (base 11) to base 16.
-1
11 (base 5) to base 10
6
Convert 131 (base 4) to base 16.
1d
What is -334 (base 6) in base 4?
-2002
What is 207 (base 12) in base 16?
127
-323 (base 5) to base 15
-5d
2 (base 5) to base 10
2
101 (base 4) to base 15
12
Convert 33 (base 11) to base 12.
30
Convert 37 (base 8) to base 2.
11111
-153 (base 13) to base 14
-12d
60 (base 15) to base 7
156
4 (base 6) to base 16
4
What is 3 (base 10) in base 7?
3
Convert 7 (base 10) to base 5.
12
Convert -2 (base 6) to base 7.
-2
